ve of a(c). Let o = 3106 - 3113. Give s(o).
7
Let r(b) be the second derivative of b - 17 + 1/6*b**3 + 4*b**2. Determine r(-6).
2
Let s(l) = -l**2 + 8*l - 16. Suppose 2*p - 2*t - 8 = 0, -4*p - 20*t + 16*t = -32. What is s(p)?
-4
Let n(b) = 10*b**2 - 95*b - 96. Let k be n(-1). Let u(i) = -4*i + 24. What is u(k)?
-12
Let o(v) be the second derivative of -v**5/20 + 19*v**4/12 - 8*v**3/3 - 19*v**2 + 1849*v. Calculate o(18).
-2
Let i(j) = -181*j + 10 + 211*j - 31*j. Suppose 4*t = 2*d - 74, -t + 3*d - 6 - 10 = 0. Let g = t + 27. What is i(g)?
2
Let n be (-4)/(-20) + (-4)/(-5). Let o(x) = 9*x + 25501 - 25501. Calculate o(n).
9
Let o be ((-1)/(-5) + 0)*-2 + 1647/305. Let p(x) be the third derivative of 1/30*x**o + 2/3*x**3 + 0*x + 0 - 18*x**2 + 1/8*x**4 - 1/120*x**6. Determine p(3).
4
Let y(p) = 10*p**2 - p - 12. Suppose -127*r = -131*r - 12. Determine y(r).
81
Suppose 5*a - 3*r = 21, -2*a - 2 - 2 = 5*r. Let b(d) be the second derivative of -d**4/6 + 3*d**2/2 - 2021*d - 1. Give b(a).
-15
Let a be 42/(-588)*98 + -1 + 10. Let s(z) be the third derivative of 31*z**2 - 1/6*z**3 + 0 - a*z + 13/12*z**4. Give s(1).
25
Suppose 20*l = 12*l + 832. Suppose 3*y + 158 = -139. Let b = y + l. Let s(w) = -w**3 + 4*w**2 + 4*w + 6. Give s(b).
1
Let a(s) be the second derivative of -s**3 + 57*s**2/2 - 135*s. Give a(15).
-33
Let j = 1015 + -1021. Let h(v) be the second derivative of -3*v**2 - 1/2*v**4 + 0 - 1/6*v**3 - 2*v - 1/20*v**5. Give h(j).
0
Let y(i) = 2*i - 54. Suppose 4*m - 3*c - 29 = 70, 0 = -4*m - 4*c + 120. Determine y(m).
0
Suppose 0 = 5461*x - 5447*x - 42. Let v(g) = 16*g - 30. Determine v(x).
18
Let g(r) = r**2 + 10*r - 5. Suppose 0 = 52*q + 150 + 241 - 131. What is g(q)?
-30
Let v(b) = 5 - b**2 - 459408*b + 1 + 459405*b. Let x be (-2 - -3)*(-10)/2. Determine v(x).
-4
Suppose 3*f = -5*g + 39, 4*f - 1 - 27 = -4*g. Let y = 124 - 122. Let m(n) = 9 + n**y - 16 - 5*n + g. Give m(2).
-4
Let k be 1/(-11) - (-1 + (-260)/(-44)). Let r(l) = -18*l + 12. What is r(k)?
102
Let h(z) = -z**3 + 5*z**2 - 4*z + 2. Let j be -20 + 27*120/135. What is h(j)?
2
Suppose -3*i + 485 = -4*d, 5*d + 3*i + 292 = -294. Let h = d + 117. Let c(m) = -m**3 - 5*m**2 - 2*m - 1. What is c(h)?
-9
Suppose 77 = 3*p - 73. Suppose 43*r = p*r + 49. Let l(b) = b**2 + 5*b + 6. Determine l(r).
20
Let y(c) be the third derivative of 16*c**2 + 0 + c**3 - 1/24*c**4 - 3*c. Calculate y(6).
0
Let y(g) be the first derivative of -3*g - 2*g**2 + 204 - 8/3*g**3. Give y(-1).
-7
Let o = 48599 - 48608. Let p(c) = -5 - c - 11*c - c**2 - 4. What is p(o)?
18
Let b(n) = -n**3 - 31*n**2 - 32*n - 58. Let p be b(-30). Let u(k) = -3*k**2 + 104 - k - 102 + 2*k**p - 3*k. What is u(-4)?
2
Let b = -41380 - -41375. Let n = -2 + 5. Let h(k) = 3 - 5 - 1 - n - 4*k. Calculate h(b).
14
Let u(j) = -4*j + 8166*j**2 - 4080*j**2 - 4085*j**2 + 8 + 8. What is u(5)?
21
Suppose 20*q - 42*q + 20*q = 10. Let n(s) = s**3 + 3*s**2 - 7*s - 9. Give n(q).
-24
Let c(n) be the third derivative of -n**4/6 - n**3 - 6*n**2 + n. Suppose 5*d - 4 = -39. Determine c(d).
22
Let s(k) be the second derivative of k**3/2 - 13*k**2 + 599*k. Give s(-9).
-53
Suppose -5 - 37 = -6*b. Let c(g) = -41*g**2 - 25*g**2 - 7 + 11*g + 65*g**2. What is c(b)?
21
Let r(b) = 3*b + 3 - 2931*b**2 - 68*b**3 + 69*b**3 - b + 2926*b**2. Suppose 0 = 3*p + 3*h, -2*p - 2*h - 25 = -5*p. Calculate r(p).
13
Let p(r) = 8*r + 17*r**2 + r**3 + 18*r**2 + 7 - 55*r**2 + 12*r**2 + 17*r**2. What is p(-8)?
7
Let q(k) be the first derivative of -k**2/2 - 7*k + 626. Suppose 0 = -5*t - 6 - 19. Give q(t).
-2
Let g(x) = -x**3 - 9*x**2 + x + 16. Let w(m) = -m**3 - 36*m**2 + 87*m + 409. Let f be w(-38). Determine g(f).
7
Let z(b) = -2*b**3 - 2*b**2 - 2*b - 3. Let w be z(0). Let p(t) = t**2 + 3*t + 1. What is p(w)?
1
Let p(h) = -2*h**3 - 2*h**2 + 4*h - 2. Let k = 82 - 117. Let q = 37 + k. What is p(q)?
-18
Suppose -5*m - 4*c = -126, -m + 3*c + 31 = 2. Suppose -m*f + 7*f + 171 = 0. Let p(q) = q**2 - 11*q + 4. Determine p(f).
-14
Let n(r) = -4*r - 9. Let i(b) = -3*b - 8. Let j(p) = -7*i(p) + 6*n(p). Let y = 1355 - 1362. Determine j(y).
23
Suppose 23*c = -53 - 223. Let y be (-1 + 1)/(7 + c + 3). Let h(o) = 5*o + 4. What is h(y)?
4
Let t(x) = -10*x - 166. Let i = -22067 + 22051. Calculate t(i).
-6
Let h(z) be the second derivative of 5*z**4/3 - 6282*z. Determine h(2).
80
Suppose -24*i + 25 = -5*u - 23*i, -9*u = -5*i + 61. Let v(r) = 3*r**2 + 11*r + 6. Give v(u).
10
Let j(q) = 3*q**2 - q - 2. Let d be j(2). Let a be d/6*(-18)/4. Let t(x) = 11119*x**3 + 10 - 7*x**2 - 5 - 3*x - 11120*x**3. Calculate t(a).
-13
Suppose -8*i - 45 = -17*i. Suppose -6*w + 4 = -2*w, w + 14 = i*t. Let r be (-1 - -1)*(-1)/t. Let q(j) = j + 9. Calculate q(r).
9
Let c(x) = -53 - x**3 - 36*x**2 - 17 + 2*x**2 - 70*x + 2*x**3. Let v be c(36). Let h(q) = 5*q**2 - 1. Determine h(v).
19
Let v(y) = -y**2 + 5*y + 25. Suppose -2*b + 23 = -3*h, -14*h - 3 = -13*h + 4*b. Determine v(h).
-59
Let y(k) be the third derivative of -k**4/8 - 61*k**3/6 + 6*k**2 + 18. Determine y(-12).
-25
Let f(x) = x**2 - 2*x - 6. Let j be f(4). Let h(t) = -11 + 8 - 5*t + 6 - t**j. Suppose 2*g + 9 = -5*v, -5*g + 27 = -g - 5*v. What is h(g)?
-21
Let s(u) = -3*u + 4*u + u**2 + 23*u + 3*u + 3. Let r be s(-23). Let y = -93 - r. Let j(h) = -2*h - 3. Determine j(y).
5
Let o(d) = 57*d + 56. Let u(z) = -10*z - 4. Let c(p) = o(p) + 6*u(p). Give c(13).
-7
Let l(v) = v**2 + v - 12. Suppose 4*q = -r + 121, r - 47 = -2*q - 4*r. Suppose -2*z + 139 = q. Let a = z + -54. Determine l(a).
-12
Let n(q) = -2*q + 1. Let p be n(-7). Suppose p = 3*b, g + g - b + 1 = 0. Let v(o) = 9*o - 6*o - g*o - 10. What is v(8)?
-2
Let a(w) be the third derivative of -1/40*w**5 + 0*w + 11/6*w**3 + 0 - 14*w**2 - 1/12*w**4. Let i(g) be the first derivative of a(g). Calculate i(-3).
7
Let o(x) = x**2 + 2. Let l be o(2). Suppose -51*p + 493 + 1190 = 0. Suppose 0 = 3*i + l - p. Let q(b) = b**3 - 9*b**2 - b. Determine q(i).
-9
Let m = 85 - 80. Suppose 0*i + 5*y = i + 41, m*y - 165 = 5*i. Let o = 32 + i. Let r(b) = 16*b**3 + b**2 - 1. What is r(o)?
16
Let a(t) be the third derivative of -t**4/24 - 7*t**3/2 - 22*t**2. Let p be a(-21). Let m(s) = s**2 + 2*s - 6. Let n be m(p). Let g(y) = y + 3. Determine g(n).
-3
Let h(s) = 6748*s - 6704*s - 31*s**2 + 24*s**2. Calculate h(6).
12
Let z = -54 - -52. Let v(p) = 7*p**2 + 10*p**2 - 26*p**2 + 14*p**2 - 2 + 2*p. What is v(z)?
14
Let w(b) = b**2 + 1. Let g(a) = 2*a**2 - 8*a - 1. Let h be (-21)/14*4/(-3) - 1. Let v be (h - -2)/((-1)/((-16)/12)). Let s be g(v). Calculate w(s).
2
Let x = 42 - 40. Let k(b) = b**3 - 2*b**2 + 3*b - 3. Let y be k(x). Let w(p) = -p**y - p**2 + 22 - p - 17 - 6. Give w(-1).
0
Let f be (-52)/(-13) + (0 - 3). Let a(j) = -10*j + 1 + 4 - 4 + j. What is a(f)?
-8
Let t(r) be the third derivative of 11*r**4/24 + 17*r**3/2 - 7*r**2 + 153*r + 2. Calculate t(-17).
-136
Suppose -50*w = -18*w - 20 + 212. Let o(n) = n**3 + 9*n**2 + 18*n - 1. What is o(w)?
-1
Let w = -15176 - -15179. Let i(o) = -o**3 + o**2 - 32*o + 110. What is i(w)?
-4
Let h(s) = 232*s + 27. Let n(k) = 132*k + 14. Let f(r) = 4*h(r) - 7*n(r). What is f(-6)?
-14
Let w(h) = -3*h**3 + 74*h**2 - 47*h - 21. Let k be w(24). Let d(x) be the second derivative of 0 - k*x**2 - 29*x - 1/6*x**3. Calculate d(-9).
3
Let j(g) = g + 7. Let u be j(-5). Let i(f) = -79 + 87 + 0*f**2 + f**u + 7*f. What is i(-7)?
8
Suppose 3*p - 58 + 4 = 0. Let o = 22 - p. Let s(l) = 0*l**2 - l - o*l**2 - 4 + 2*l**2 + 0*l. Calculate s(-3).
-19
Let t(l) = 5*l + 7. Suppose -3*r = k + 17, 17 = -5*k - 5*r - 18. Give t(k).
-3
Let o(m) = 7*m**3 + 2*m**2 + m. Let t be (7/3)/(2/6). Let n be t/(42/9)*2. Let d be (n + (-50)/15)*3. Determine o(d).
-6
Suppose 14 = 5*g + 59. Let p(l) be the first derivative of -l**4/4 - 10*l**3/3 - 4*l**2 - l + 19. What is p(g)?
-10
Let s(y) = -2*y - 4. Suppose 59 = 5*p + 4*m + 11, -m = 2*p - 21. Suppose 0 = 3*t - 3*o - p, 3*t = 6*t + 2*o - 22. What is s(t)?
-16
Let t(m) = -4 - 119*m - 19*m**2 + 46*m + 5*m**2 - m**3 + 50*m. What is t(-10)?
-174
Suppose 2*f + 4 = 2*g, 2*f - f - 8 = -g. Suppose -f*h + 5*h + 5*h = 0. Let j(d) = h + 4 + 0*d + 2*d. Give j(-6).
-8
Let q(z) be the third derivative of z**4/8 + z**3 + 20052*z**2. Let u(h) = 3*h + 10. Let m be u(-7). What is q(m)?
-27
Let y(g) = g**3 + g**2 - g + 2. Let b